{"id":1230,"date":"2016-01-10T21:21:32","date_gmt":"2016-01-10T21:21:32","guid":{"rendered":"http:\/\/www.blog.lobodzinska.pl\/?page_id=1230"},"modified":"2021-10-02T23:31:19","modified_gmt":"2021-10-02T21:31:19","slug":"o-mnie","status":"publish","type":"page","link":"https:\/\/www.blog.lobodzinska.pl\/index.php\/o-mnie\/","title":{"rendered":"O mnie"},"content":{"rendered":"<img loading=\"lazy\" decoding=\"async\" src=\"http:\/\/www.blog.lobodzinska.pl\/wp-content\/uploads\/2016\/01\/ja.jpg\" alt=\"\" class=\"size-full wp-image-2621\" width=\"288\" height=\"191\">\n<p>&nbsp;<\/p>\n<p>&nbsp;<\/p>\n<p>&nbsp;<\/p>\n<p>Fotografia jest moj\u0105 pasj\u0105, sposobem patrzenia na na \u015awiat, ostatnio g\u0142\u00f3wnie na przyrod\u0119. Najwa\u017cniejsze jest dla mnie przekazanie Wam tych chwil, kt\u00f3re do\u015bwiadczam.<\/p>\n<p>Chcia\u0142abym tutaj podzi\u0119kowa\u0107 Kasi za towarzyszenie podczas obserwacji, Samuelowi S., Wojtkowi M. oraz Panu Bogus\u0142awowi R., za pomoc w oznaczaniu niekt\u00f3rych gatunk\u00f3w ptak\u00f3w.<\/p>\n<p>Zapraszam do odwiedzin.<\/p>\n<p>Prawa autorskie<\/p>\n<p>Zgodnie z przepisami ustawy z dnia 4 lutego 1994 r. o prawie autorskim i prawach pokrewnych wszelkie prawa do fotografii prezentowanych na tej stronie s\u0105 w\u0142asno\u015bci\u0105 ich autora. Kopiowanie i rozpowszechnianie ich w jakiejkolwiek formie bez zgody autora jest zabronione.<\/p>\n","protected":false},"excerpt":{"rendered":"<p>&nbsp; &nbsp; &nbsp; Fotografia jest moj\u0105 pasj\u0105, sposobem patrzenia na na \u015awiat, ostatnio g\u0142\u00f3wnie na przyrod\u0119. Najwa\u017cniejsze jest dla mnie przekazanie Wam tych chwil, kt\u00f3re do\u015bwiadczam. Chcia\u0142abym tutaj podzi\u0119kowa\u0107 Kasi za towarzyszenie podczas obserwacji, Samuelowi S., Wojtkowi M. oraz Panu Bogus\u0142awowi R., za pomoc w oznaczaniu niekt\u00f3rych gatunk\u00f3w ptak\u00f3w. Zapraszam&hellip;<\/p>\n<p class=\"more-link-wrapper\"><a class=\"more-link\" href=\"https:\/\/www.blog.lobodzinska.pl\/index.php\/o-mnie\/\"><span class=\"fa fa-mail-forward read-more-icon\"><\/span><span class=\"screen-reader-text\">Read More<\/span><\/a><\/p>\n","protected":false},"author":1,"featured_media":0,"parent":0,"menu_order":0,"comment_status":"closed","ping_status":"closed","template":"","meta":{"footnotes":""},"class_list":["post-1230","page","type-page","status-publish","hentry"],"_links":{"self":[{"href":"https:\/\/www.blog.lobodzinska.pl\/index.php\/wp-json\/wp\/v2\/pages\/1230","targetHints":{"allow":["GET"]}}],"collection":[{"href":"https:\/\/www.blog.lobodzinska.pl\/index.php\/wp-json\/wp\/v2\/pages"}],"about":[{"href":"https:\/\/www.blog.lobodzinska.pl\/index.php\/wp-json\/wp\/v2\/types\/page"}],"author":[{"embeddable":true,"href":"https:\/\/www.blog.lobodzinska.pl\/index.php\/wp-json\/wp\/v2\/users\/1"}],"replies":[{"embeddable":true,"href":"https:\/\/www.blog.lobodzinska.pl\/index.php\/wp-json\/wp\/v2\/comments?post=1230"}],"version-history":[{"count":5,"href":"https:\/\/www.blog.lobodzinska.pl\/index.php\/wp-json\/wp\/v2\/pages\/1230\/revisions"}],"predecessor-version":[{"id":10229,"href":"https:\/\/www.blog.lobodzinska.pl\/index.php\/wp-json\/wp\/v2\/pages\/1230\/revisions\/10229"}],"wp:attachment":[{"href":"https:\/\/www.blog.lobodzinska.pl\/index.php\/wp-json\/wp\/v2\/media?parent=1230"}],"curies":[{"name":"wp","href":"https:\/\/api.w.org\/{rel}","templated":true}]}}